 -1 - 7) + -12 + 4 + 24 + -31.
-8
What is (-1 - -3) + 5 + -1 - (1063 + -1032)?
-25
Evaluate 3 - ((-466 - -469) + ((-5 - -3) + 3 - -19)).
-20
Evaluate -43 - ((3 - 40) + -11).
5
Calculate 19 + -29 + (-8 - -20) + 3 - (4 + -138).
139
What is 22 + -20 + (7 - -1) - (24 - 27)?
13
153 - (85 + 60) - (1 - -45)
-38
What is the value of -11 - (-3 - -46) - (-13 + (3 - -1))?
-45
Evaluate 12 + 0 + (-62 + 20 - -51).
21
Calculate -19 + 62 + (-6 + 5 - 7).
35
Evaluate (-109 - (-92 + 7)) + (32 - -2).
10
-14 + 1 + (3 - -10 - -15) + 27
42
Calculate (0 + -5 - 17) + -127 + 146.
-3
(-3 - -17 - (-2 - -35)) + 17
-2
Calculate 16 - -9 - (-71 - -92) - (-13 + -2).
19
-8 + 0 - (-11 + 0 + (9 - 5) + -4)
3
-7 - 35 - ((-6 + -9 - 3) + 16)
-40
Calculate -56 + -85 + 175 + 26 + 2.
62
Calculate (-25 - -10 - -4) + 7 + 29.
25
9 - (-25 + -3) - -79 - 35
81
77 + (-53 - -110) + -67
67
What is the value of -7 - (9 - (-1 + -7 - -13) - (-1 - 3))?
-15
Evaluate 0 + 33 - (-722 + 877) - (2 - (4 + -1)).
-121
(0 + 71 - (-7 + 89 + -71)) + -2 + 1
59
Calculate 34 + 96 + -81 + (-2 - 6).
41
Calculate (-1 - 11) + (16 + -12 + 8 - (17 + -6)).
-11
What is the value of (-9 - (-10 - 24)) + -36?
-11
-51 - (87 - -23) - -109
-52
What is 78 + -179 + 70 - -48?
17
-15 + 197 + (-205 - -148)
125
Calculate (-10 - -20) + (5 - -4) + (29 - 24).
24
What is the value of -24 + 46 + (-4 - (17 - 51))?
52
What is (-8 - (53 + -67)) + -6?
0
What is the value of -167 - -159 - (-55 - (-4 - (-2 - 0)))?
45
(-2 - -111) + (9 - (-11 - -6 - -30))
93
Calculate 7 + (-8 - -9) + -17 - (4 - (66 - -1)).
54
Calculate 17 - ((-47 - -71) + (7 - -1)).
-15
Calculate 72 - (76 + -132 + 142).
-14
(4 - 65) + (-14 + -13 - -31)
-57
46 + -51 + (-3 - (4 - 7)) - 8
-13
What is 15 + -11 - 72 - (11 + 0 + -9 + 8)?
-78
Evaluate 5 - ((-34 - 3) + (-9 - -7)) - -6 - 9.
41
Evaluate 55 - (-40 + -4 - -179).
-80
Calculate -64 - (58 + -132) - 58.
-48
Evaluate 2 + -72 - (-127 + 305 - 190).
-58
-8 - (-34 + (107 - 50))
-31
Calculate -13 + 0 + (109 - 98) - ((-1 - -17) + -3).
-15
What is the value of 44 + 9 + (-13 - 72)?
-32
Calculate -12 + (-19 + 29 - (12 - (-3 + -9 + -90))).
-116
Calculate -39 - -65 - 13 - -17.
30
What is the value of 18 - (1 + -4 + 2) - (-2457 - -2459)?
17
27 - (-27 + 44 + -25)
35
What is the value of (-18 - -44) + 14 + -4 - (-13 + 9)?
40
Calculate (25 - -11) + -40 - -3.
-1
Calculate 8 + -30 + -22 - -8.
-36
17 + 66 + -75 - ((109 - 1) + (11 - 8))
-103
What is the value of 58 - (-15 - (5 + (1 - 5) + -65 + 60))?
69
Calculate 64 + (2 - (-5 - 1)) + (-53 + 12 - -31).
62
What is the value of 25 + -1 - ((8 - 103) + 83)?
36
Evaluate 38 - 26 - (-36 + (-10 + -7 - -16)).
49
Calculate 106 + -179 - (-24 - -7).
-56
Calculate -168 + 252 - 80 - -1.
5
Evaluate -49 + (-51 - 56 - -110).
-46
Evaluate (42 - -3) + -3 + -18 + -3.
21
Evaluate -5 - (-16 + 9 + 0 + -4) - 4 - 107.
-105
Evaluate (-11 - -6) + (-1 - 10) - (6 - 6 - 1).
-15
What is -58 - -30 - -68 - -48?
88
Calculate -23 + 36 + -4 - (0 + (9 - (-12 - -6))).
-6
Calculate (7 - -2) + -9 + 6 + (0 - 1) - -14.
19
Evaluate (-41 - (-28 - -27)) + 46.
6
What is the value of -54 - 1 - (229 + -257)?
-27
Evaluate 116 - 0 - (3081 + -3038).
73
(-3 - -13) + 11 + 5 + -24
2
-108 + (20 - 8) + 45
-51
What is (-10 - -1) + (-34 - (35 - -4))?
-82
What is 13 + (-79 - -71 - (25 + -3))?
-17
Calculate (36 - -3) + (53 - (-46 + 132)).
6
Evaluate -5 - ((-54 - (26 - 77)) + (-70 - -3)).
65
(3 - ((-22 - -50) + -15)) + -3 + 61
48
What is 20 + -2 + 2 + -38 + 74?
56
What is the value of (1 + 13 - -41) + -16 - (6 - -3)?
30
Calculate 9 - -10 - (-18 + 78 + 41).
-82
What is the value of -26 - -23 - ((-69 - -3) + (47 - 59))?
75
What is -6 + -10 - (-10 + 5 + (-18 - -12))?
-5
What is the value of 16 + -25 + -2 + 47 + -15?
21
Evaluate -8 + -8 + 9 - ((11 - 0) + -16 + -43).
41
29 + -34 + (-2 - -53)
46
Calculate (-10 - 1) + 44 + -72 + 34.
-5
-4 + ((-6 - -1) + (9 - 2) - (-448 - -436))
10
What is (-89 - -6) + 55 + (-1 - -18)?
-11
Calculate -38 + 84 + 35 - 29.
52
What is the value of 14 - (3 + (3 - 1)) - (-259 + 262)?
6
What is -10 + (-6 - (-102 - (24 - -2)))?
112
Calculate 25 + (20 - 25) - -13 - 21.
12
-1 - 20 - (18 + (-2 - -3) - (55 - 47))
-32
Evaluate 25 + (-3 - (1 + 14)) + (12 + -5 - 117).
-103
(0 - -2) + 37 - (-527 - -549)
17
Evaluate 53 + -9 - (13 + 57).
-26
What is the value of 31 - (82 - 57) - 2?
4
What is the value of 5 + (-39 + 43 - 78) - (1 - 14)?
-56
What is 45 + (34 - 32) + -34?
13
Calculate (-1 - 17 - (262 + -280)) + (1 - (1 - 16)).
16
Calculate 24 + (26 - 1 - ((95 - -53) + -36)).
-63
Calculate 54 + -11 - (1 + (13 + -10 - 6)).
45
Evaluate (28 - 64) + 31 + 2 + (-3 - -33) + -3.
24
What is 1 + (-5 - 0) + (8 - (-9 - -28))?
-15
Calculate (-18 + 15 - 0) + (-14 - (-37 + -11)).
31
Calculate 85 + -176 + -14 - -118.
13
What is 14 - (62 + 16 + -6 + -20)?
-38
Calculate -38 - -2 - (-302 + 287).
-21
What is 1 + -13 - (73 - (-90 - -197))?
22
(-2 - 19) + 396 + -393
-18
What is -34 - -12 - (15 + 1)?
-38
Calculate -15 - 30 - (-15 + -1).
-29
Evaluate -63 + -1 - (61 + 66 + -136).
-55
Evaluate 48 - (95 + (25 - 50)).
-22
Calculate -115 - ((32 - 123) + 22).
-46
Calculate 20 + -38 - (7 - 6 - 5 - 7).
-7
What is -1 + 9 + (-292 - -260) + (-4 - -47)?
19
What is the value of -19 + 112 + 39 + -21 + -8?
103
-3 + (16 + -1 - (308 - 294)) - -43
41
Calculate 11 - (19 + -43 - 1).
36
Evaluate -72 + -61 + 55 + 26.
-52
Evaluate (-13 - -2) + 6 + -13 + -9 + 12 - 83.
-98
What is (34 + -39 - -24) + (-6 - 45)?
-32
Evaluate -14 + (-104 + 63 - -92).
37
9 + -4 - -31 - (21 - (-29 + 47))
33
Evaluate -3 - 0 - (5 - 41 - (-152 + 113)).
-6
What is the value of (132 - (-55 + 190)) + -132 + 0?
-135
What is the value of (-36 - -6) + (575 - 623)?
-78
What is the value of (8 + 11 + -18 - 50) + (3 + 6 - 8)?
-48
What is -87 + (-4 + (3 - (-4 + 0)) - 13) + 8?
-89
-15 - (2 - (1 + -14 + (-9 - -24)))
-15
Evaluate 41 + (129 + -239 - -10).
-59
Calculate -3 + (-26 + 4 - -26) - (83 - -2).
-84
What is the value of -48 + 9 + (-1 - (15 + -13)) + 1?
-41
-120 - (-125 + -7 + 87)
-75
23 + -36 - -10 - (4 - (54 - -3 - -4))
54
What is -28 - ((14 - 2) + (-37 - (-56 + 48)))?
-11
What is -49 + (24 - 1) - -53?
27
Calculate -9 + (11 + (-22 - -5) + 4 + 9 - -76).
74
What is ((-51 - -20) + -37 - -54) + 1 + 55?
42
53 + -31 + -38 + (4 - (-5 - (-6 + -1)))
-14
What is the value of (-15 - 0) + (-33 - (68 - (17 - (-13 + 14))))?
-100
(5 - (-5 - -1)) + (-4 - 38 - -39)
6
Calculate (9 - 20) + 19 + 0 - (-3 - (3 - -32)).
46
Calculate -9 - (-54 - -7) - ((8 + -7 - -5) + -11).
43
Calculate 25 - (19 + (274 - 135)).
-133
What is the value of (5 - 2) + (9 - 0) + (-166 - -107)?
-47
What is the value of (152 + 63 - 125) + -54?
36
Evaluate 89 + (-23 + (-8 - -14) - (0 + -2)).
74
-313 - -294 - (-8 - 54)
43
Calculate 80 + (-167 - -97) - -23.
33
What is the value of 20 + (16 - 77) + -13?
-54
Evaluate 63 + (62 - 47) - (-6 - (-29 + 7)).
62
Calculate (4 - -2) + 61 + (0 - 0) + 174 + -171.
70
What is 33 - (-120 + 121) - -68?
100
Evaluate (-4 - 25) + 33 + 6 + (77 - 1) + -6.
80
What is -39 - (-4 + 45) - (2 + 2 + 2)?
-86
What is the value of 163 - (48 - (-58 - -22))?
79
-9 + (6 - 11 - -11) - (1 + 44)
-48
-63 + -67 + (27 - -72)
-31
1 + -5 + -53 + (37 - -28)
8
54 - -82 - (32 + 9 + -17)
112
What is the value of (-129 - -28 - -125) + (43 - -2)?
69
What is 9 + (-35 - -38) + 3 + -15?
0
1 - 7 - (-86 + 55 - (-27 - -14))
12
Calculate -74 - (-47 + 36 - 34).
-29
Evaluate 26 + -47 + 68 + -31 + 0 - (2 - -1).
13
What is the value of (-9 - -8) + (22 + 6 + -17 - -41)?
51
Calculate (-62 - 49 - -116) + (1 - 28).
-22
What is -4477 + 4354 - (-90 - -4)?
-37
What is the value of 141 + -37 + -29 + -6?
69
What is the value of (1 - 8) + (-20 - (-22 - (-21 - -12)))?
-14
What is 5 - (12 + 9 + -5) - (-5 - -1)?
-7
What is 131 + -16 + (18 - 1) + (-6 - (3 - 1))?
124
Evaluate 25 + -27 + 37 + -41 + (36 - 1) + -3.
26
Calculate -82 - (-3 - ((14 - -1) + (-10 - -12))).
-62
Evaluate -2 + (7 - -78 - (36 + 10)).
37
Calculate (12 - -5) + (137 + -196 - -91).
49
Evaluate -3 + -1 - (6014 - 5981).
-37
What is -7 + (9 - 48) - 12 - (-10 + 9 + -11)?
-46
Calculate -87 - (-12 + 13 + (-4 - 21)).
-63
What is (1 + (-3 - -9) - (-10 + (14 - -8))) + 125?
120
(-42 - (-310 - -125)) + (-19 + 1 - 1)
124
Calculate -588 + 530 - (-40 - 0).
-18
(11 - -1) + -4 - ((14 - 44) + 70)
-32
What is the value of 27 + (-31 - (14 - 19 - -7))?
-6
